a multiple of 505?
True
Is 140 a factor of 12383560?
True
Does 12 divide 1593061?
False
Does 42 divide 773766?
True
Does 20 divide 379580?
True
Is 4244380 a multiple of 28?
True
Is 6 a factor of 97326?
True
Does 196 divide 3893552?
False
Is 15 a factor of 1033365?
True
Is 3205720 a multiple of 56?
True
Does 5 divide 3533663?
False
Does 14 divide 209320?
False
Is 99645 a multiple of 74?
False
Is 2 a factor of 173132?
True
Is 27931 a multiple of 31?
True
Does 1494 divide 8595009?
False
Is 51736 a multiple of 116?
True
Does 14 divide 80701?
False
Is 726 a factor of 3993091?
False
Is 11209 a multiple of 34?
False
Is 71127 a multiple of 21?
True
Does 15 divide 34575?
True
Is 40404 a multiple of 273?
True
Is 12 a factor of 1489344?
True
Is 724 a factor of 642374?
False
Does 10 divide 84850?
True
Is 26 a factor of 72802?
False
Does 24 divide 505285?
False
Is 12489048 a multiple of 286?
True
Is 111411 a multiple of 29?
False
Is 33 a factor of 727504?
False
Is 88 a factor of 701888?
True
Is 23062180 a multiple of 377?
False
Is 10146 a multiple of 57?
True
Does 11 divide 63184?
True
Does 146 divide 68798?
False
Does 32 divide 259552?
True
Is 8 a factor of 6073?
False
Does 253 divide 84249?
True
Is 1836216 a multiple of 39?
False
Is 240093 a multiple of 92?
False
Is 8 a factor of 21352?
True
Is 31265662 a multiple of 24?
False
Is 7 a factor of 756127?
False
Does 482 divide 144600?
True
Is 186637 a multiple of 66?
False
Does 279 divide 93556?
False
Is 31586 a multiple of 11?
False
Is 7 a factor of 3115007?
True
Does 1503 divide 2434219?
False
Does 4 divide 661182?
False
Is 406 a factor of 30044?
True
Is 29 a factor of 32190?
True
Is 31250 a multiple of 5?
True
Does 19 divide 5366094?
True
Does 16 divide 2692240?
True
Does 201 divide 3593092?
False
Is 31752 a multiple of 14?
True
Does 183 divide 2932108?
False
Is 1074497 a multiple of 16?
False
Is 370650 a multiple of 70?
True
Is 658683 a multiple of 2?
False
Is 17940 a multiple of 299?
True
Is 87 a factor of 4231355?
False
Does 87 divide 123018?
True
Does 72 divide 150439?
False
Is 17 a factor of 5414381?
True
Is 1978731 a multiple of 82?
False
Does 98 divide 281750?
True
Does 72 divide 71352?
True
Is 13 a factor of 396942?
True
Is 7418972 a multiple of 44?
True
Is 459 a factor of 4649553?
False
Does 19 divide 19345?
False
Is 7 a factor of 745132?
False
Is 584838 a multiple of 9?
True
Does 671 divide 9119561?
True
Is 424135 a multiple of 65?
False
Does 19 divide 39086?
False
Is 7 a factor of 238350?
True
Does 37 divide 4458648?
True
Is 733 a factor of 24503018?
False
Is 1762270 a multiple of 614?
False
Does 24 divide 2314202?
False
Is 431310 a multiple of 15?
True
Is 19 a factor of 66257?
False
Does 20 divide 43283?
False
Is 1717 a factor of 19779678?
False
Is 208 a factor of 118111?
False
Is 105 a factor of 44149?
False
Is 7326 a multiple of 18?
True
Is 198168 a multiple of 42?
False
Is 19 a factor of 96843?
True
Does 249 divide 1932428?
False
Is 133980 a multiple of 319?
True
Is 10 a factor of 363080?
True
Does 169 divide 292182?
False
Is 143 a factor of 219362?
True
Does 300 divide 777000?
True
Is 4 a factor of 5377028?
True
Does 926 divide 251872?
True
Is 11 a factor of 25856?
False
Is 3332643 a multiple of 252?
False
Is 5 a factor of 76896?
False
Is 159853 a multiple of 204?
False
Is 3198924 a multiple of 14?
False
Is 837 a factor of 5687971?
False
Does 521 divide 92316?
False
Is 21 a factor of 95747?
False
Is 1567196 a multiple of 323?
True
Does 22 divide 3141127?
False
Is 15 a factor of 40110?
True
Is 11652617 a multiple of 171?
False
Does 252 divide 5226424?
False
Does 9 divide 758479?
False
Is 25 a factor of 275200?
True
Does 265 divide 158882?
False
Is 121677 a multiple of 5?
False
Is 271622 a multiple of 403?
True
Is 31605 a multiple of 21?
True
Is 2250780 a multiple of 17?
False
Does 11 divide 359183?
True
Does 498 divide 1679207?
False
Does 266 divide 705432?
True
Is 37 a factor of 2086282?
True
Does 6 divide 252491?
False
Is 5152543 a multiple of 439?
True
Is 12 a factor of 948?
True
Is 21 a factor of 12706743?
True
Is 50 a factor of 372680?
False
Does 22 divide 1051996?
True
Is 47 a factor of 170328?
True
Does 6 divide 38376?
True
Is 2311 a multiple of 6?
False
Is 279942 a multiple of 111?
True
Is 2596698 a multiple of 1781?
True
Is 24 a factor of 4254096?
True
Does 1168 divide 2420096?
True
Is 83 a factor of 107305?
False
Does 16 divide 132851?
False
Is 373296 a multiple of 44?
True
Is 28866 a multiple of 102?
True
Is 24903 a multiple of 9?
True
Is 473538 a multiple of 13?
True
Is 63126 a multiple of 501?
True
Does 25 divide 2631725?
True
Is 165021 a multiple of 340?
False
Is 4 a factor of 100926?
False
Does 67 divide 812710?
True
Is 27101 a multiple of 4?
False
Is 5 a factor of 13095?
True
Is 251073 a multiple of 27?
True
Is 823541 a multiple of 804?
False
Is 83 a factor of 1722869?
False
Is 10 a factor of 7671146?
False
Is 4 a factor of 2097084?
True
Is 14 a factor of 1330980?
True
Does 56 divide 115472?
True
Does 18 divide 6395882?
False
Does 275 divide 404525?
True
Is 814 a factor of 468864?
True
Is 253742 a multiple of 16?
False
Is 252 a factor of 2221332?
False
Does 6 divide 888062?
False
Is 262 a factor of 1463008?
True
Is 71 a factor of 359102?
False
Does 12 divide 439236?
True
Does 3 divide 6237?
True
Is 92350 a multiple of 25?
True
Is 11 a factor of 10873?
False
Is 151 a factor of 1465757?
True
Is 21 a factor of 682017?
True
Is 26427 a multiple of 383?
True
Is 10 a factor of 177370?
True
Is 25 a factor of 1003578?
False
Is 587 a factor of 3106991?
True
Is 1613418 a multiple of 199?
False
Is 43 a factor of 458359?
False
Does 82 divide 130698?
False
Is 71 a factor of 1466726?
False
Is 60 a factor of 860160?
True
Does 32 divide 1253718?
False
Is 162201 a multiple of 126?
False
Is 68 a factor of 52428?
True
Is 20 a factor of 1880880?
True
Does 45 divide 1018260?
True
Is 517737 a multiple of 144?
False
Is 41601547 a multiple of 22?
False
Does 22 divide 243003?
False
Is 54 a factor of 75103?
False
Does 35 divide 147945?
True
Does 23 divide 438610?
True
Does 24 divide 163262?
False
Is 4694310 a multiple of 215?
True
Is 164 a factor of 535966?
False
Does 197 divide 7932451?
False
Does 22 divide 100694?
True
Does 22 divide 693668?
False
Does 39 divide 247806?
True
Is 5404 a multiple of 4?
True
Is 110 a factor of 12975600?
True
Is 17 a factor of 18186109?
False
Is 102 a factor of 72554?
False
Does 9 divide 2276651?
False
Does 9 divide 26442?
True
Does 56 divide 154616?
True
Is 292461 a multiple of 5?
False
Does 146 divide 334924?
True
Does 27 divide 826622?
False
Is 29 a factor of 1587570?
False
Does 7 divide 263043?
False
Is 44 a factor of 83416?
False
Is 530369 a multiple of 321?
False
Is 756960 a multiple of 38?
True
Is 329 a factor of 2060527?
True
Is 414630 a multiple of 18?
True
Is 74544 a multiple of 48?
True
Is 10073148 a multiple of 21?
False
Is 429336 a multiple of 18?
True
Is 277 a factor of 68696?
True
Is 20151 a multiple of 85?
False
Is 11283153 a multiple of 267?
True
Does 98 divide 106918?
True
Is 49 a factor of 497644?
True
Does 14 divide 12304684?
True
Is 13 a factor of 1465870?
False
Does 51 divide 418659?
True
Is 163 a factor of 2274082?
False
Is 52 a factor of 1565840?
False
Is 277 a factor of 5166881?
True
Does 80 divide 674160?
True
Does 4 divide 66933?
False
Does 15 divide 18645?
True
Does 44 divide 80372?
False
Is 4538298 a multiple of 36?
False
Does 187 divide 169235?
True
Does 185 divide 1752135?
True
Does 78 divide 3312816?
True
Is 3212470 a multiple of 18?
False
Does 10 divide 379350?
True
Is 850176 a multiple of 12?
True
Is 356273 even?
False
Is 53 a factor of 24278664?
True
Is 1558942 a multiple of 371?
True
Is 690433 a multiple of 91?
False
Is 57877 a multiple of 21?
False
Is 82196 a multiple of 3?
False
Is 18 a factor of 2266801?
False
Is 1481140 a multiple of 24?
False
Does 321 divide 4696628?
False
Is 1195212 a multiple of 1236?
True
Is 162078 a multiple of 55?
False
Does 20 divide 50320?
True
Is 1370939 a multiple of 246?
False
Is 72451 even?
False
Does 82 divide 3116?
True
Is 346500 a multiple of 9?
True
Is 1022 a factor of 666372?
False
Is 968 a factor of 6162288?
True
Is 26 a factor of 357162?
True
Is 5698272 a multiple of 96?
True
Does 250 divide